{"id":1592,"date":"2022-03-01T15:04:51","date_gmt":"2022-03-01T15:04:51","guid":{"rendered":"https:\/\/solvenca.com\/?post_type=product&#038;p=1592"},"modified":"2024-09-26T10:58:56","modified_gmt":"2024-09-26T14:58:56","slug":"sol-2500-pegamento","status":"publish","type":"product","link":"https:\/\/solvenca.com\/index.php\/product\/sol-2500-pegamento\/","title":{"rendered":"SOL 2500"},"content":{"rendered":"<p>L\u00edquido viscoso en base a cauchos sint\u00e9ticos, de color amarillo (\u00e1mbar), de alta viscosidad y s\u00f3lidos, con excelente brochabilidad, especialmente formulado para el \u00e1rea del calzado, talabarter\u00eda y en general, donde se requiera una alta fuerza de adhesi\u00f3n. En el montado de piel natural o sint\u00e9tica, en el pegado de cortes de piel o tela, a suelas de cuero natural, caucho, neolite, madera\u00a0 y EVA, tambi\u00e9n en el pegado de l\u00e1minas de caucho vulcanizado a pisos de metal, madera o concreto y en general, donde se necesite de una alta fuerza de pegado superior al SOL 2001.<\/p>\n","protected":false},"excerpt":{"rendered":"<p>\u00bc Gal\u00f3n, Gal\u00f3n y Cu\u00f1ete.<\/p>\n","protected":false},"featured_media":1593,"comment_status":"closed","ping_status":"closed","template":"","meta":[],"product_brand":[],"product_cat":[29],"product_tag":[],"class_list":{"0":"post-1592","1":"product","2":"type-product","3":"status-publish","4":"has-post-thumbnail","6":"product_cat-pegamentos","8":"first","9":"instock","10":"shipping-taxable","11":"product-type-simple"},"_links":{"self":[{"href":"https:\/\/solvenca.com\/index.php\/wp-json\/wp\/v2\/product\/1592","targetHints":{"allow":["GET"]}}],"collection":[{"href":"https:\/\/solvenca.com\/index.php\/wp-json\/wp\/v2\/product"}],"about":[{"href":"https:\/\/solvenca.com\/index.php\/wp-json\/wp\/v2\/types\/product"}],"replies":[{"embeddable":true,"href":"https:\/\/solvenca.com\/index.php\/wp-json\/wp\/v2\/comments?post=1592"}],"wp:featuredmedia":[{"embeddable":true,"href":"https:\/\/solvenca.com\/index.php\/wp-json\/wp\/v2\/media\/1593"}],"wp:attachment":[{"href":"https:\/\/solvenca.com\/index.php\/wp-json\/wp\/v2\/media?parent=1592"}],"wp:term":[{"taxonomy":"product_brand","embeddable":true,"href":"https:\/\/solvenca.com\/index.php\/wp-json\/wp\/v2\/product_brand?post=1592"},{"taxonomy":"product_cat","embeddable":true,"href":"https:\/\/solvenca.com\/index.php\/wp-json\/wp\/v2\/product_cat?post=1592"},{"taxonomy":"product_tag","embeddable":true,"href":"https:\/\/solvenca.com\/index.php\/wp-json\/wp\/v2\/product_tag?post=1592"}],"curies":[{"name":"wp","href":"https:\/\/api.w.org\/{rel}","templated":true}]}}